ts digit of a?
6
Let l = -58 + 334. What is the tens digit of l?
7
Let l = -11 - -16. Suppose 3*y - 29 = l*r - 8, -y = 4*r + 10. What is the units digit of (-11)/(-4) + r/(-12)?
3
Let l(u) = u**3 + 5*u**2 + 2*u - 5. Let z be l(-5). Let o = z + 3. Let q = 13 + o. What is the units digit of q?
1
Suppose 4*d - 20 = 108. Suppose -d*i + 29*i = -459. What is the units digit of i?
3
Suppose 10*l - 300 = 15*l. What is the tens digit of (l/18)/(2/(-15))?
2
Suppose 13*d + 2*d = 2040. What is the hundreds digit of d?
1
Let z be -4 + (-16)/4 + 3. Let w(o) = 7*o**2 + 13*o - 11. What is the tens digit of w(z)?
9
Let r(x) = -x**2 + 2*x + 8. Let y be r(4). Suppose y = -3*z + 7*z - 160. What is the tens digit of 270/z*(-8)/(-2)?
2
Let b(u) = -u**2 + 21*u - 4. Let a be b(21). Let j = a + 107. What is the tens digit of j?
0
Let x(k) = -18*k**3 + 3*k**2 + 2*k. Let y be x(-2). Let c be (-7)/(-21) - y/(-3). Suppose -o - 29 = 2*q - 4*q, -o = 3*q - c. What is the tens digit of q?
1
Suppose -4*d - 2*f - f - 90 = 0, 2*f + 4 = 0. Let a be ((-280)/d)/((-1)/(-3)). Suppose 0*m + a = 2*m. What is the units digit of m?
0
Suppose 0 = 5*m + 6*m - 22. Suppose m*q = 5*q - 96. What is the tens digit of q?
3
Let l(m) = m**3 - 8*m**2 + 9*m + 8. Let t be l(5). What is the units digit of t/3*((-175)/10 + 4)?
9
Let u(x) = -103*x**2 + 3*x + 3. Let y(h) = -103*h**2 + 4*h + 4. Let j(a) = -3*u(a) + 2*y(a). Let q be j(-1). Let n = 144 - q. What is the units digit of n?
1
Let j be 4 + 68 + -4 + 2. Let u = j - 32. What is the units digit of u?
8
Let p(i) = i**3 + 9*i**2 - 6*i + 23. Let c be p(-9). Let m = 112 - c. What is the tens digit of m?
3
Let r = -411 + 694. What is the tens digit of r?
8
Let t(l) = -93*l**2 + 3*l - 2. Let k be t(5). What is the units digit of 3/2*-1*k/51?
8
Suppose -4*v + 65*c - 61*c = -244, 4*c - 268 = -4*v. What is the tens digit of v?
6
Let d(q) = -q**3 - 6*q**2 - 4*q + 10. What is the units digit of d(-7)?
7
Suppose -26*q + 39*q = 6084. What is the hundreds digit of q?
4
Suppose -s - 2*s = 60. Let a = 38 + s. Let n = -13 + a. What is the units digit of n?
5
Suppose 181 = 2*s - 1565. What is the hundreds digit of s?
8
Suppose -2*x - 7*x + 108 = 0. What is the tens digit of (x/(-8))/(12/464*-2)?
2
Let r(x) = -x**2 + 10*x + 5. Let s be r(11). What is the units digit of (-2)/(-1*s/(-165))?
5
Suppose 5*k = -2*p - 4, 4*k - 5*p + 31 = 8. Suppose 0 = -5*j + 25 - 0. What is the tens digit of (8 - k)/(j/30)?
6
Let o = 1833 - 1389. What is the units digit of o?
4
Suppose -5*v = 4*p - 7071, -4*v - 2587 = 5*p - 11428. What is the tens digit of p?
6
Let z(x) = x - 32. Let d be z(0). Let b = d + 34. What is the tens digit of b/4 - (-198)/4?
5
Let w = 6685 - 3774. What is the thousands digit of w?
2
Let s(z) = -636*z**3 - 2*z**2. Let k be s(-2). Suppose 0*o = -5*o + k. What is the units digit of (-4)/18 - o/(-36)?
8
Let q = -138 - -270. Suppose 0 = 3*r - 0*r - q. What is the units digit of r?
4
Let p be ((-12)/(-4))/(3/3). Let u be (-5)/(-15) - (-11)/p. What is the units digit of (-5)/(-20) + 167/u?
2
Suppose -2*n = 2*n - 252. Suppose 3*f - 108 - n = 0. What is the units digit of f?
7
Let h(r) = -3*r**2 - 68*r - 81. What is the units digit of h(-13)?
6
Let d(x) = -x**3 - x**2 + 2*x + 3. Suppose r + 5*h = -0*r + 2, 0 = 2*r + 5*h - 9. Suppose 3*t - r = 4*k, -t + 3*t - 3*k = 6. What is the tens digit of d(t)?
1
Let x = 314 + -70. What is the hundreds digit of x?
2
Suppose 16194 = 46*d - 22446. What is the tens digit of d?
4
Let y be (-12)/(-20) + (-228)/5. Let j = y + 105. Let x = 86 - j. What is the units digit of x?
6
Suppose -4*n + 67 + 213 = 0. Suppose -3*l - l + 3*m + 84 = 0, -5*m = -2*l + 56. What is the tens digit of n/(-15)*l/(-4)?
2
Let p(h) = -12*h + 72. Let a be p(9). What is the tens digit of (-1 + 3 - 1) + (-7 - a)?
3
Suppose 5*y = 3*i - 49 + 543, -3*y - 342 = 2*i. Let b = i - -268. What is the tens digit of b?
0
Let p = -33 + 15. Let i(t) = -4*t**2 - 12*t - 38. Let b be i(-5). What is the tens digit of -3*(-3)/p*b?
3
Suppose 0 = 2*o - 0 - 2. Suppose o - 5 = 2*w. Let d(r) = -r**3 - r**2 - 4*r - 3. What is the units digit of d(w)?
9
Suppose 5*p + 5*l = 0, 10 = -p - 3*p + l. What is the tens digit of ((-9)/p)/(42/8)*182?
5
Suppose 3*z - 794 = -4*u + 82, z = 5*u - 1114. Let i = u + -125. What is the units digit of i?
7
What is the units digit of 7*2*-4*(-553)/196?
8
Let k(m) = -2*m - 6. Let o be k(-7). Let u(p) = 0*p**2 - o*p - 1 + p**3 - 2*p**2 - 2*p**2. What is the tens digit of u(6)?
2
Let b(l) = -62*l - 240. What is the hundreds digit of b(-12)?
5
Suppose 4*z - 1018 = 5*k, -4*z - 2*k - 2*k = -1036. What is the units digit of z?
7
Let p(c) = 243*c - 54. What is the units digit of p(3)?
5
Let z(j) = -2*j**3 - 8*j**2 - 3*j. What is the units digit of z(-7)?
5
Let m be 3 + (-2)/3*33. Let q = m + 119. What is the hundreds digit of q?
1
Let u(d) = -7*d + 1. Suppose 0 = -q + 4*g - 5, -2*g + 0 + 3 = -q. Let m be u(q). What is the tens digit of ((-2)/3)/(m/(-204))?
1
Suppose -96*v - 15390 = -105*v. What is the thousands digit of v?
1
Suppose 4 = 4*n, 2*w - 1275 = 4*n + 1483. What is the thousands digit of w?
1
What is the tens digit of -3 - 3275/(-5 - 0)?
5
Suppose 5*a = 2*m + 4, 2*a + 5*m + 0 = 19. Let j be -5 + 1 - (a - 10). Suppose -j*w = w - 175. What is the tens digit of w?
3
Let d(i) be the first derivative of 17*i**3/3 - i + 7. Let w be d(1). What is the units digit of 39*(w/(-12))/(-4)?
3
Let u = -29 + 17. Let q(n) = -2*n**2 + n**2 + 6*n + 2*n**2 - 17. What is the units digit of q(u)?
5
Suppose 0 = 3*w, 22*o - 5*w + 110 = 23*o. What is the hundreds digit of o?
1
Let u(d) = d**2 - 7*d + 4. Let g be u(6). What is the tens digit of 218/4 - (2 - (-5)/g)?
5
Let o = 84 - 81. Suppose -8*l - o*l = -1848. What is the units digit of l?
8
Let s(b) = 3*b + 85. What is the tens digit of s(-9)?
5
Suppose 3*q + 5*b = 319, -4*q - 5*b + 107 + 320 = 0. What is the hundreds digit of q?
1
Suppose 4312 + 4307 = 3*r. What is the hundreds digit of r?
8
Let o(w) = 2*w**3 - 22*w**2 + 77*w - 16. What is the thousands digit of o(12)?
1
Let m be 190/45 - 6/27. Suppose m = d - 2*d. What is the tens digit of ((-16)/24)/(d/90)?
1
Let c = -27 - -29. Suppose 15 - 75 = -c*r. What is the units digit of r?
0
Suppose 4*o - 692 - 2259 = 5*q, -2*q = 5*o - 3730. What is the tens digit of o?
4
Let p be (-152)/57*114/4. Let w = 106 + p. What is the units digit of w?
0
Suppose -6125 = -6*k + 11635. What is the thousands digit of k?
2
Let f = -341 + 562. Let c = -81 + f. What is the tens digit of c?
4
Suppose 26*w - 20768 = -6*w. What is the tens digit of w?
4
Suppose -5*l - 1566 = -4*k + 3470, -5*l - 6300 = -5*k. What is the thousands digit of k?
1
Let f(h) = h + 2. Let q be f(1). Suppose -2*y - 24 - 13 = -5*g, 3*y + 15 = q*g. What is the units digit of g?
9
Let q(x) = x**3 - 2*x**2 - 5*x - 3. Let g be q(4). What is the units digit of 1 + (-6)/g - (-760)/6?
7
Let l(g) = 10*g**3 + 4*g**2 - 10*g + 10. What is the tens digit of l(4)?
7
Let x(w) be the third derivative of w**6/120 + w**5/6 - 13*w**4/24 + w**3/2 + w**2. Let a be x(-11). Let s = -10 + a. What is the units digit of s?
5
Let j(q) = 68*q**2 - q + 3. Let d be j(1). Let t = 109 - d. What is the units digit of t?
9
Let p(g) = 2*g**2 - 4*g - 7. Let f be (23 + 3)/(1 + 1). Let c(b) = -b + 19. Let r be c(f). What is the units digit of p(r)?
1
Let h = -3920 - -5741. What is the hundreds digit of h?
8
Let z = 0 + 4. Suppose n + 5*g = -21, -n + z*g + 14 + 10 = 0. Suppose 3 = -4*p + p, 4*h - n*p - 100 = 0. What is the units digit of h?
4
Let j = 204 + -27. What is the units digit of j?
7
Let i = 753 - 155. Suppose -5*k = -k - 2*n - i, -3*n - 601 = -4*k. What is the hundreds digit of k?
1
Let d be 11/2 + 7/(-14). Suppose u = 3*s + 17, u + 0*s + s = d. What is the units digit of u?
8
Let j(r) = -r**3 - 4*r**2 + 8*r + 8. Suppose 1 = x + 3. Let d = x - 4. What is the tens digit of j(d)?
3
Suppose -2*q - 3*q = w + 57, -5*q = -4*w - 278. Suppose 0 = 5*p - 2*h - 559, 0 = -4*p + 2*h - h + 446. Let k = p + w. What is the tens digit of k?
4
Suppose 8*x = 5*x. Suppose 2*v = -5*z - x*v + 280, 0 = -2*v. What is the units digit of z?
6
Suppose -5*o + 315 = h + h, 0 = -4*h - 2*o + 590. What is the hundreds digit of h?
1
Let c(l) = 2*l + 1. Let a be c(-4). Let b = -5 - a. Sup